{"id":114,"date":"2019-01-28T23:33:57","date_gmt":"2019-01-28T21:33:57","guid":{"rendered":"https:\/\/www.kohotahti.fi\/?page_id=114"},"modified":"2025-10-15T22:05:36","modified_gmt":"2025-10-15T19:05:36","slug":"yhteystiedot","status":"publish","type":"page","link":"https:\/\/www.kohotahti.fi\/index.php\/yhteystiedot\/","title":{"rendered":"Yhteystiedot"},"content":{"rendered":"\n<p class=\"has-vivid-cyan-blue-color has-text-color has-medium-font-size\">Ota rohkeasti yhteytt\u00e4!<\/p>\n\n\n<div class=\"wp-block-image\">\n<figure class=\"alignright is-resized\"><img decoding=\"async\" loading=\"lazy\" src=\"https:\/\/www.kohotahti.fi\/wp-content\/uploads\/2019\/01\/Kitarat-ryhm\u00e4ss\u00e4.jpg\" alt=\"\" class=\"wp-image-266\" width=\"304\" height=\"229\" srcset=\"https:\/\/www.kohotahti.fi\/wp-content\/uploads\/2019\/01\/Kitarat-ryhm\u00e4ss\u00e4.jpg 1000w, https:\/\/www.kohotahti.fi\/wp-content\/uploads\/2019\/01\/Kitarat-ryhm\u00e4ss\u00e4-300x225.jpg 300w, https:\/\/www.kohotahti.fi\/wp-content\/uploads\/2019\/01\/Kitarat-ryhm\u00e4ss\u00e4-768x576.jpg 768w\" sizes=\"(max-width: 304px) 100vw, 304px\" \/><\/figure><\/div>\n\n\n<p class=\"has-very-dark-gray-color has-text-color\">KOHOTAHTI OY<br>(Y-tunnus: 2748011-2) <\/p>\n\n\n\n<p class=\"has-text-color has-very-dark-gray-color\">Laura Kohonen<br>+358 40 2183354<br>\n\n\n<p><a href=\"mailto:kohotahti@gmail.com\">kohotahti@gmail.com<\/a><\/p>\n\n\n<p>Postiosoite pyydett\u00e4ess\u00e4.<\/p>\n\n\n\n<p>Toimitila:<br>Helsingiss\u00e4 T\u00f6\u00f6l\u00f6ss\u00e4 Runeberginkatu 54, 00260 Helsinki<br>Helsingiss\u00e4 Kinaporinkatu 11, 00500 Helsinki ja asiakkaan osoittamat, erikseen sovitut tilat. <br>Mahdollisuus my\u00f6s koulu- ja p\u00e4iv\u00e4kotik\u00e4ynteihin.<\/p>\n\n\n\n<p><br><\/p>\n","protected":false},"excerpt":{"rendered":"<p>Ota rohkeasti yhteytt\u00e4! KOHOTAHTI OY(Y-tunnus: 2748011-2) Laura Kohonen+358 40 2183354 kohotahti@gmail.com Postiosoite pyydett\u00e4ess\u00e4. Toimitila:Helsingiss\u00e4 T\u00f6\u00f6l\u00f6ss\u00e4 Runeberginkatu 54, 00260 HelsinkiHelsingiss\u00e4 Kinaporinkatu 11, 00500 Helsinki ja asiakkaan osoittamat, erikseen sovitut tilat. Mahdollisuus my\u00f6s koulu- ja p\u00e4iv\u00e4kotik\u00e4ynteihin.<\/p>\n","protected":false},"author":1,"featured_media":0,"parent":0,"menu_order":0,"comment_status":"closed","ping_status":"closed","template":"","meta":{"_mi_skip_tracking":false},"_links":{"self":[{"href":"https:\/\/www.kohotahti.fi\/index.php\/wp-json\/wp\/v2\/pages\/114"}],"collection":[{"href":"https:\/\/www.kohotahti.fi\/index.php\/wp-json\/wp\/v2\/pages"}],"about":[{"href":"https:\/\/www.kohotahti.fi\/index.php\/wp-json\/wp\/v2\/types\/page"}],"author":[{"embeddable":true,"href":"https:\/\/www.kohotahti.fi\/index.php\/wp-json\/wp\/v2\/users\/1"}],"replies":[{"embeddable":true,"href":"https:\/\/www.kohotahti.fi\/index.php\/wp-json\/wp\/v2\/comments?post=114"}],"version-history":[{"count":32,"href":"https:\/\/www.kohotahti.fi\/index.php\/wp-json\/wp\/v2\/pages\/114\/revisions"}],"predecessor-version":[{"id":363,"href":"https:\/\/www.kohotahti.fi\/index.php\/wp-json\/wp\/v2\/pages\/114\/revisions\/363"}],"wp:attachment":[{"href":"https:\/\/www.kohotahti.fi\/index.php\/wp-json\/wp\/v2\/media?parent=114"}],"curies":[{"name":"wp","href":"https:\/\/api.w.org\/{rel}","templated":true}]}}