{"id":112,"date":"2019-01-28T23:33:57","date_gmt":"2019-01-28T21:33:57","guid":{"rendered":"https:\/\/www.kohotahti.fi\/?page_id=112"},"modified":"2025-10-15T22:08:08","modified_gmt":"2025-10-15T19:08:08","slug":"esittely","status":"publish","type":"page","link":"https:\/\/www.kohotahti.fi\/index.php\/esittely\/","title":{"rendered":"Esittely"},"content":{"rendered":"\n<p class=\"has-large-font-size\">Laura Kohonen<\/p>\n\n\n\n<p class=\"has-text-align-left has-medium-font-size\">Laaja-alainen musiikkiterapeutti, musiikkipedagogi YAMK<\/p>\n\n\n<div class=\"wp-block-image\">\n<figure class=\"alignleft is-resized\"><img decoding=\"async\" loading=\"lazy\" src=\"https:\/\/www.kohotahti.fi\/wp-content\/uploads\/2019\/01\/31882893_10156390900601683_4406393483691032576_n.jpg\" alt=\"\" class=\"wp-image-128\" width=\"200\" height=\"200\" srcset=\"https:\/\/www.kohotahti.fi\/wp-content\/uploads\/2019\/01\/31882893_10156390900601683_4406393483691032576_n.jpg 960w, https:\/\/www.kohotahti.fi\/wp-content\/uploads\/2019\/01\/31882893_10156390900601683_4406393483691032576_n-150x150.jpg 150w, https:\/\/www.kohotahti.fi\/wp-content\/uploads\/2019\/01\/31882893_10156390900601683_4406393483691032576_n-300x300.jpg 300w, https:\/\/www.kohotahti.fi\/wp-content\/uploads\/2019\/01\/31882893_10156390900601683_4406393483691032576_n-768x768.jpg 768w, https:\/\/www.kohotahti.fi\/wp-content\/uploads\/2019\/01\/31882893_10156390900601683_4406393483691032576_n-350x350.jpg 350w, https:\/\/www.kohotahti.fi\/wp-content\/uploads\/2019\/01\/31882893_10156390900601683_4406393483691032576_n-275x275.jpg 275w\" sizes=\"(max-width: 200px) 100vw, 200px\" \/><\/figure><\/div>\n\n\n<p>\u201dUskon, jokaisen kykyyn oppia uusia asioita musiikista ja itsest\u00e4\u00e4n, kunhan vain l\u00f6ydet\u00e4\u00e4n oikeat ty\u00f6tavat ja annetaan asioille riitt\u00e4v\u00e4sti aikaa tapahtua. Erilaisin virikkein asiakas voi l\u00f6yt\u00e4\u00e4 uusia tapoja tarkastella omaa tilannettaan ja oivaltaa esimerkiksi miksi toimii niin kuin toimii. Ymm\u00e4rrys lis\u00e4\u00e4 monesti v\u00e4yli\u00e4 kohti parempaa oloa ja hyvinvointia. V\u00e4lill\u00e4 on t\u00e4rke\u00e4\u00e4 saada kulkea matkaa jonkun kanssa, joka kuuntelee ja on l\u00e4sn\u00e4 sinua varten, mutta on v\u00e4h\u00e4n et\u00e4\u00e4mm\u00e4ll\u00e4 kuin oma l\u00e4hiymp\u00e4rist\u00f6 arjessa. Toisaalta taas k\u00e4siteltyjen asioiden soveltaminen ja siirt\u00e4minen jokap\u00e4iv\u00e4iseen arkeen helpottamaan painetta on hyvin oleellista ja tarkoituksenmukaista heti kun se on asiakkaan puolelta mahdollista.<\/p>\n\n\n\n<p>Musiikkiterapian ja musiikkikasvatuksen ammattilaisena pid\u00e4n huolta prosessin etenemisest\u00e4 tavoitteiden mukaisesti ja asiakkaan kokonaisvaltaisesta kohtaamisesta. Ty\u00f6kokemukseni monenlaisten ihmisten parissa on luonut pohjaa vankalle halulle kohdata, olla vuorovaikutuksessa ja ymm\u00e4rt\u00e4\u00e4 toista ihmist\u00e4 sellaisena kuin h\u00e4n on. Ty\u00f6skentelen mielell\u00e4ni sek\u00e4 yksil\u00f6iden ett\u00e4 ryhmien kanssa. Ty\u00f6kokemusta minulla on paljon erityisesti erilaisista ryhmist\u00e4, mutta my\u00f6s yksil\u00f6opettamisesta monien vuosien ajalta.<\/p>\n\n\n\n<p>Aito kohtaaminen ja v\u00e4litt\u00e4minen ovat t\u00e4rke\u00e4ss\u00e4 asemassa, sek\u00e4 musiikkiterapiassa ett\u00e4 musiikin opettamisessa ja sit\u00e4 tahdon osaltani vaalia. Tervetuloa Kohotahtiin tutustumaan palveluihin!\u201d<\/p>\n\n\n\n<p class=\"has-medium-font-size\">Koulutus<\/p>\n\n\n\n<p>Musiikkipedagogi Ylempi AMK (Metropolia Ammattikorkeakoulu 2019)<\/p>\n\n\n\n<p>Laaja-alainen musiikkiterapeutti (Eino Roiha -instituutti 2016)<\/p>\n\n\n\n<p>Musiikkipedagogi AMK, varhaisi\u00e4n musiikkikasvatus ja taiteen soveltava k\u00e4ytt\u00f6 (Metropolia Ammattikorkeakoulu 2012)<\/p>\n\n\n\n<p>Lis\u00e4ksi lyhyempi\u00e4 koulutuksia, seminaareja ja kursseja. Tarkemmat koulutustiedot pyydett\u00e4ess\u00e4.<\/p>\n\n\n\n<p>Laura on Suomen musiikkiterapiayhdistyksen j\u00e4sen.<\/p>\n\n\n\n<p class=\"has-medium-font-size\">Sopimukset<\/p>\n\n\n\n<ul>\n<li>palveluntuottajana: Kelan vaativa l\u00e4\u00e4kinn\u00e4llinen kuntoutus (<a href=\"https:\/\/www.kela.fi\/vaativan-laakinnallisen-kuntoutuksen-palvelut\">https:\/\/www.kela.fi\/vaativan-laakinnallisen-kuntoutuksen-palvelut<\/a>)<\/li>\n<\/ul>\n\n\n\n<p><\/p>\n","protected":false},"excerpt":{"rendered":"<p>Laura Kohonen Laaja-alainen musiikkiterapeutti, musiikkipedagogi YAMK \u201dUskon, jokaisen kykyyn oppia uusia asioita musiikista ja itsest\u00e4\u00e4n, kunhan vain l\u00f6ydet\u00e4\u00e4n oikeat ty\u00f6tavat ja annetaan asioille riitt\u00e4v\u00e4sti aikaa tapahtua. Erilaisin virikkein asiakas voi l\u00f6yt\u00e4\u00e4 uusia tapoja tarkastella omaa tilannettaan ja oivaltaa esimerkiksi miksi toimii niin kuin toimii. Ymm\u00e4rrys lis\u00e4\u00e4 monesti v\u00e4yli\u00e4 kohti parempaa oloa ja hyvinvointia. V\u00e4lill\u00e4 on [&hellip;]<\/p>\n","protected":false},"author":1,"featured_media":0,"parent":0,"menu_order":0,"comment_status":"closed","ping_status":"closed","template":"","meta":{"_mi_skip_tracking":false},"_links":{"self":[{"href":"https:\/\/www.kohotahti.fi\/index.php\/wp-json\/wp\/v2\/pages\/112"}],"collection":[{"href":"https:\/\/www.kohotahti.fi\/index.php\/wp-json\/wp\/v2\/pages"}],"about":[{"href":"https:\/\/www.kohotahti.fi\/index.php\/wp-json\/wp\/v2\/types\/page"}],"author":[{"embeddable":true,"href":"https:\/\/www.kohotahti.fi\/index.php\/wp-json\/wp\/v2\/users\/1"}],"replies":[{"embeddable":true,"href":"https:\/\/www.kohotahti.fi\/index.php\/wp-json\/wp\/v2\/comments?post=112"}],"version-history":[{"count":33,"href":"https:\/\/www.kohotahti.fi\/index.php\/wp-json\/wp\/v2\/pages\/112\/revisions"}],"predecessor-version":[{"id":364,"href":"https:\/\/www.kohotahti.fi\/index.php\/wp-json\/wp\/v2\/pages\/112\/revisions\/364"}],"wp:attachment":[{"href":"https:\/\/www.kohotahti.fi\/index.php\/wp-json\/wp\/v2\/media?parent=112"}],"curies":[{"name":"wp","href":"https:\/\/api.w.org\/{rel}","templated":true}]}}